{"id":1473,"date":"2020-06-28T12:09:04","date_gmt":"2020-06-28T12:09:04","guid":{"rendered":"http:\/\/diesterwegschule-soemmerda.de\/?page_id=1473"},"modified":"2022-08-29T18:38:49","modified_gmt":"2022-08-29T18:38:49","slug":"schulsozialarbeit","status":"publish","type":"page","link":"https:\/\/diesterwegschule-soemmerda.de\/?page_id=1473","title":{"rendered":"Schulsozialarbeit"},"content":{"rendered":"\n<p>Wir freuen uns, dass wir zu den Schulen geh\u00f6ren, die eine Schulsozialarbeiterin zum Kollegium z\u00e4hlen d\u00fcrfen. Der ASB S\u00f6mmerda betreut im Landkreis S\u00f6mmerda vor allem im Primarbereich die Schulsozialarbeit. Die Schulsozialarbeit ist ein kostenloses und freiwilliges Angebot f\u00fcr Sch\u00fclerInnen, Eltern, LehrerInnen und ErzieherInnen. <br><br>Seit dem 1. Juli 2022 geh\u00f6rt <strong>Schulsozialarbeiterin Kathrin Liebold<\/strong> zum Team unserer Schule. Sie ist f\u00fcr alle Kinder, Eltern und Kollegen mit offenen Ohren f\u00fcr Probleme und N\u00f6te da. <\/p>\n\n\n\n<figure class=\"wp-block-image size-full is-resized\"><img loading=\"lazy\" decoding=\"async\" src=\"http:\/\/diesterwegschule-soemmerda.de\/wp-content\/uploads\/2022\/07\/2022-07-12-KathrinLiebold.jpg\" alt=\"\" class=\"wp-image-3352\" width=\"500\" height=\"335\" srcset=\"https:\/\/diesterwegschule-soemmerda.de\/wp-content\/uploads\/2022\/07\/2022-07-12-KathrinLiebold.jpg 1000w, https:\/\/diesterwegschule-soemmerda.de\/wp-content\/uploads\/2022\/07\/2022-07-12-KathrinLiebold-300x201.jpg 300w, https:\/\/diesterwegschule-soemmerda.de\/wp-content\/uploads\/2022\/07\/2022-07-12-KathrinLiebold-768x514.jpg 768w, https:\/\/diesterwegschule-soemmerda.de\/wp-content\/uploads\/2022\/07\/2022-07-12-KathrinLiebold-120x80.jpg 120w\" sizes=\"auto, (max-width: 500px) 100vw, 500px\" \/><\/figure>\n\n\n\n<p>Zu den Schwerpunkten ihrer Arbeit geh\u00f6ren u. a.:<\/p>\n\n\n\n<ul class=\"wp-block-list\"><li>Ansprechpartner bei pers\u00f6nlichen und schulischen Fragen<\/li><li>F\u00f6rderung der individuellen und sozialen Entwicklung (z. B. Umgang mit Konfliktsituationen, St\u00e4rkung des Selbstbewusstseins)<\/li><li>Begleitung und Unterst\u00fctzung des Schulalltags (z. B. Pausenangebote, Projekte, sozialp\u00e4dagogische Gruppenangebote)<\/li><li>Pr\u00e4ventionsarbeit und Krisenintervention<\/li><li>Zusammenarbeit mit LehrerInnen und ErzieherInnen, Begleitung zu Gespr\u00e4chen<\/li><li>ggf. Vermittlung an au\u00dferschulische Einrichtungen, Beh\u00f6rden, \u00c4mter und Beratungsstellen<\/li><li>Unterst\u00fctzung bei Antr\u00e4gen (z. B. Leistungen f\u00fcr Bildung und Teilhabe)<\/li><li>Netzwerkarbeit im schulischen und au\u00dferschulischen Bereich<\/li><\/ul>\n\n\n\n<p>Anzutreffen ist Frau Liebold im <strong>Beratungsraum<\/strong> unserer Schule. Dieser befindet sich im <strong>2. Obergeschoss im Raum 304<\/strong>.<\/p>\n\n\n\n<p><strong>Mobil<\/strong><br>(0152) 59 299 209<br><br><strong>E-Mail<\/strong><br>k.liebold@asb-soemmerda.de<\/p>\n","protected":false},"excerpt":{"rendered":"<p>Wir freuen uns, dass wir zu den Schulen geh\u00f6ren, die eine Schulsozialarbeiterin zum Kollegium z\u00e4hlen d\u00fcrfen. Der ASB S\u00f6mmerda betreut<\/p>\n","protected":false},"author":1,"featured_media":0,"parent":0,"menu_order":0,"comment_status":"closed","ping_status":"closed","template":"","meta":{"footnotes":""},"class_list":["post-1473","page","type-page","status-publish","hentry"],"_links":{"self":[{"href":"https:\/\/diesterwegschule-soemmerda.de\/index.php?rest_route=\/wp\/v2\/pages\/1473","targetHints":{"allow":["GET"]}}],"collection":[{"href":"https:\/\/diesterwegschule-soemmerda.de\/index.php?rest_route=\/wp\/v2\/pages"}],"about":[{"href":"https:\/\/diesterwegschule-soemmerda.de\/index.php?rest_route=\/wp\/v2\/types\/page"}],"author":[{"embeddable":true,"href":"https:\/\/diesterwegschule-soemmerda.de\/index.php?rest_route=\/wp\/v2\/users\/1"}],"replies":[{"embeddable":true,"href":"https:\/\/diesterwegschule-soemmerda.de\/index.php?rest_route=%2Fwp%2Fv2%2Fcomments&post=1473"}],"version-history":[{"count":3,"href":"https:\/\/diesterwegschule-soemmerda.de\/index.php?rest_route=\/wp\/v2\/pages\/1473\/revisions"}],"predecessor-version":[{"id":3479,"href":"https:\/\/diesterwegschule-soemmerda.de\/index.php?rest_route=\/wp\/v2\/pages\/1473\/revisions\/3479"}],"wp:attachment":[{"href":"https:\/\/diesterwegschule-soemmerda.de\/index.php?rest_route=%2Fwp%2Fv2%2Fmedia&parent=1473"}],"curies":[{"name":"wp","href":"https:\/\/api.w.org\/{rel}","templated":true}]}}