{"id":37,"date":"2019-04-24T20:22:34","date_gmt":"2019-04-24T20:22:34","guid":{"rendered":"http:\/\/diesterwegschule-soemmerda.de\/?page_id=37"},"modified":"2025-02-17T16:22:29","modified_gmt":"2025-02-17T16:22:29","slug":"kollegium","status":"publish","type":"page","link":"https:\/\/diesterwegschule-soemmerda.de\/?page_id=37","title":{"rendered":"Kollegium"},"content":{"rendered":"\n<p>Unsere Sch\u00fcler werden von <strong>29 P\u00e4dagogen <\/strong>begleitet und unterst\u00fctzt.  Unser P\u00e4dagogenteam setzt sich wie folgt zusamen: <\/p>\n\n\n\n<p>15 Klassen- und Fachlehrer<br>2 Lehrer im GU (Gemeinsamen Unterricht)<br>12 Erzieher<br><br><strong>Beratungslehrerinnen<\/strong><br>Kerstin M\u00fcller<br>Christina Stockmann<br><br><strong>Sozialp\u00e4dagogische Fachkraft<\/strong><br>Kathrin Liebold<br><br><strong>Sekret\u00e4rin<\/strong><br>Mandy M\u00fcller<br><br><strong>Hausmeister<\/strong><br>Chris Acker<br><\/p>\n","protected":false},"excerpt":{"rendered":"<p>Unsere Sch\u00fcler werden von 29 P\u00e4dagogen begleitet und unterst\u00fctzt. Unser P\u00e4dagogenteam setzt sich wie folgt zusamen: 15 Klassen- und Fachlehrer2<\/p>\n","protected":false},"author":1,"featured_media":0,"parent":0,"menu_order":0,"comment_status":"closed","ping_status":"closed","template":"","meta":{"footnotes":""},"class_list":["post-37","page","type-page","status-publish","hentry"],"_links":{"self":[{"href":"https:\/\/diesterwegschule-soemmerda.de\/index.php?rest_route=\/wp\/v2\/pages\/37","targetHints":{"allow":["GET"]}}],"collection":[{"href":"https:\/\/diesterwegschule-soemmerda.de\/index.php?rest_route=\/wp\/v2\/pages"}],"about":[{"href":"https:\/\/diesterwegschule-soemmerda.de\/index.php?rest_route=\/wp\/v2\/types\/page"}],"author":[{"embeddable":true,"href":"https:\/\/diesterwegschule-soemmerda.de\/index.php?rest_route=\/wp\/v2\/users\/1"}],"replies":[{"embeddable":true,"href":"https:\/\/diesterwegschule-soemmerda.de\/index.php?rest_route=%2Fwp%2Fv2%2Fcomments&post=37"}],"version-history":[{"count":13,"href":"https:\/\/diesterwegschule-soemmerda.de\/index.php?rest_route=\/wp\/v2\/pages\/37\/revisions"}],"predecessor-version":[{"id":5773,"href":"https:\/\/diesterwegschule-soemmerda.de\/index.php?rest_route=\/wp\/v2\/pages\/37\/revisions\/5773"}],"wp:attachment":[{"href":"https:\/\/diesterwegschule-soemmerda.de\/index.php?rest_route=%2Fwp%2Fv2%2Fmedia&parent=37"}],"curies":[{"name":"wp","href":"https:\/\/api.w.org\/{rel}","templated":true}]}}