{"id":47,"date":"2019-04-24T09:50:37","date_gmt":"2019-04-24T09:50:37","guid":{"rendered":"http:\/\/diesterwegschule-soemmerda.de\/?page_id=47"},"modified":"2024-08-19T18:45:06","modified_gmt":"2024-08-19T18:45:06","slug":"wir-fuer-euch","status":"publish","type":"page","link":"https:\/\/diesterwegschule-soemmerda.de\/?page_id=47","title":{"rendered":"Wir f\u00fcr euch"},"content":{"rendered":"\n<p>Unser Schulf\u00f6rderverein wurde im Jahr 2009 gegr\u00fcndet. In diesen mehr als zehn Jahren ist es dem Vereinsvorsitzenden Torsten Mucke und seinen Mitstreitern gelungen, viele Projekte f\u00fcr unsere Sch\u00fcler mit Leben zu erf\u00fcllen. Im Jahr 2019 \u00fcbergab Herr Mucke den Vorstandsvorsitz an Herrn Dr. Dirk H\u00f6lzer. An seiner Seite arbeiteten Heidrun Saalfeld, Mandy M\u00fcller und Antje Riedel. Im November 2024 wurde der Vorstand neu gew\u00e4hlt. Der Vorstand besteht nun aus Dr. Dirk H\u00f6lzer (Vorsitzender), Schulsozialp\u00e4dagogin Kathrin Liebold (Stellvertreterin), Anita R\u00f6thig (Schatzmeisterin) und Antje Riedel (Schriftf\u00fchrerin).<\/p>\n\n\n\n<figure class=\"wp-block-image size-full\"><img loading=\"lazy\" decoding=\"async\" width=\"1000\" height=\"918\" src=\"http:\/\/diesterwegschule-soemmerda.de\/wp-content\/uploads\/2023\/11\/2023-11-14-FV_06.jpg\" alt=\"\" class=\"wp-image-4500\" srcset=\"https:\/\/diesterwegschule-soemmerda.de\/wp-content\/uploads\/2023\/11\/2023-11-14-FV_06.jpg 1000w, https:\/\/diesterwegschule-soemmerda.de\/wp-content\/uploads\/2023\/11\/2023-11-14-FV_06-300x275.jpg 300w, https:\/\/diesterwegschule-soemmerda.de\/wp-content\/uploads\/2023\/11\/2023-11-14-FV_06-768x705.jpg 768w\" sizes=\"auto, (max-width: 1000px) 100vw, 1000px\" \/><\/figure>\n\n\n\n<p><strong>Unsere Ziele:<\/strong><\/p>\n\n\n\n<ul class=\"wp-block-list\">\n<li>F\u00f6rderung der Erziehung und Bildung aller Sch\u00fclerInnen  <\/li>\n\n\n\n<li>Unterst\u00fctzung von schulischen und au\u00dferunterrichtlichen Aktivit\u00e4ten<\/li>\n\n\n\n<li>Transparenz der Ergebnisse der p\u00e4dagogischen Arbeit im au\u00dferschulischen Umfeld<\/li>\n\n\n\n<li>Dialog mit LehrerInnen und ErzieherInnen \u00fcber p\u00e4dagogische Fragen\/Inhalte<\/li>\n<\/ul>\n\n\n\n<p><strong>So m\u00f6chten wir unsere Ziele erreichen:<\/strong><\/p>\n\n\n\n<ul class=\"wp-block-list\">\n<li>Unterst\u00fctzung bei der Anschaffung von Lehr- und Lernmitteln sowie Spiel- und Besch\u00e4ftigungsmaterial<\/li>\n\n\n\n<li>Unterst\u00fctzung von Veranstaltungen, wie Schul- und Sportfesten, Theater- und Musikauff\u00fchrungen, Tagen der offenen T\u00fcr<\/li>\n\n\n\n<li>Aufbau eines Netzwerks mit au\u00dferschulischen Partnern, um Kontakte zu kn\u00fcpfen und Geldgeber f\u00fcr schulische Projekte zu gewinnen<\/li>\n\n\n\n<li>Teilnahme von Kindern einkommensschwacher Familien an kostenpflichtigen Veranstaltungen      erm\u00f6glichen<\/li>\n<\/ul>\n","protected":false},"excerpt":{"rendered":"<p>Unser Schulf\u00f6rderverein wurde im Jahr 2009 gegr\u00fcndet. In diesen mehr als zehn Jahren ist es dem Vereinsvorsitzenden Torsten Mucke und<\/p>\n","protected":false},"author":1,"featured_media":0,"parent":0,"menu_order":0,"comment_status":"closed","ping_status":"closed","template":"","meta":{"footnotes":""},"class_list":["post-47","page","type-page","status-publish","hentry"],"_links":{"self":[{"href":"https:\/\/diesterwegschule-soemmerda.de\/index.php?rest_route=\/wp\/v2\/pages\/47","targetHints":{"allow":["GET"]}}],"collection":[{"href":"https:\/\/diesterwegschule-soemmerda.de\/index.php?rest_route=\/wp\/v2\/pages"}],"about":[{"href":"https:\/\/diesterwegschule-soemmerda.de\/index.php?rest_route=\/wp\/v2\/types\/page"}],"author":[{"embeddable":true,"href":"https:\/\/diesterwegschule-soemmerda.de\/index.php?rest_route=\/wp\/v2\/users\/1"}],"replies":[{"embeddable":true,"href":"https:\/\/diesterwegschule-soemmerda.de\/index.php?rest_route=%2Fwp%2Fv2%2Fcomments&post=47"}],"version-history":[{"count":12,"href":"https:\/\/diesterwegschule-soemmerda.de\/index.php?rest_route=\/wp\/v2\/pages\/47\/revisions"}],"predecessor-version":[{"id":5424,"href":"https:\/\/diesterwegschule-soemmerda.de\/index.php?rest_route=\/wp\/v2\/pages\/47\/revisions\/5424"}],"wp:attachment":[{"href":"https:\/\/diesterwegschule-soemmerda.de\/index.php?rest_route=%2Fwp%2Fv2%2Fmedia&parent=47"}],"curies":[{"name":"wp","href":"https:\/\/api.w.org\/{rel}","templated":true}]}}